 2*i. Let d be k(2). Let y(c) = 3*c + 1. Let o be y(d). Let w = -7 - o. List the prime factors of w.
2
Let p(h) = 2*h**2 - 9*h + 6. Let a be p(4). Let t(b) = b**2 + 7*b. Let k be t(-7). Let i = a - k. List the prime factors of i.
2
Suppose -216 = -4*u + q + 117, -4*q - 156 = -2*u. List the prime factors of u.
2, 3, 7
Suppose -3*y = m - 0*m - 1, 5*m - 3*y = 23. What are the prime factors of m?
2
Let w = 184 - 98. What are the prime factors of w?
2, 43
Suppose 4 = -3*a + 7*a. Let l(t) be the first derivative of 11*t**3/3 + t**2/2 + 1. What are the prime factors of l(a)?
2, 3
Let n(j) = 13*j + 5. List the prime factors of n(9).
2, 61
Suppose -2*o + 2 = 4*i, 2*o - 2*i - 14 = -2*o. What are the prime factors of 100/3 + o/(-9)?
3, 11
Let h be 4 - (-2 + 2 + 1). What are the prime factors of h/2 - 8/(-16)?
2
Let j(s) = -4*s**3 - 5*s**2 - 5*s - 3. Let q be j(-3). Suppose -5*k - 5*v = -q, -4*k + v = -0*k - 75. List the prime factors of k.
2, 3
Let m(r) = 3*r**3 - 3*r**2 - 3. List the prime factors of m(4).
3, 47
Suppose -6*o - 525 = -11*o. List the prime factors of o.
3, 5, 7
Suppose -h = 4*n - 54, -4*h - 2*n + 94 = -52. What are the prime factors of h?
2, 17
Suppose -4*w - 6 = -6*w. Suppose 4*t - w*t + g = 14, 0 = -4*t - 3*g + 59. List the prime factors of t.
17
Let a(g) = g**2 - 5*g - 3. Let b be a(6). Let r = b + 1. Suppose -w + 18 = 3*l - 22, -3*l = -r*w - 50. What are the prime factors of l?
2, 7
Suppose -229 = -3*h + 4*d, -3*h + 149 = 2*d - 74. List the prime factors of h.
3, 5
List the prime factors of (73/(-3))/((-1)/3).
73
Let z(l) = -l - 15. Let u be z(-17). List the prime factors of (100/(-8))/((-1)/u).
5
Suppose -2*x - i + 6 = -4*i, -14 = -2*x - i. List the prime factors of x.
2, 3
Suppose 4*u - 4 = 2*p + 2*p, -4*p = 2*u - 14. Let l = -5 + 9. Suppose 0 = 4*g - 6*b + 3*b - 49, 0 = g + p*b - l. List the prime factors of g.
2, 5
Let w(c) = -6*c**3 - c**2 + 4*c + 1. Let g be w(3). Let n = -102 - g. List the prime factors of n.
2, 7
Let z(s) = s - 1. Let o be z(4). Suppose -j = o*j - 8. What are the prime factors of j?
2
Let h = -27 + 362. What are the prime factors of h?
5, 67
Suppose -5*d - 3*n = -7*n - 47, 8 = -d - 5*n. List the prime factors of d.
7
Let l(g) = -5 + g - 5*g - 3. What are the prime factors of l(-7)?
2, 5
Let w(z) = -5*z**2 - 2*z + 1. Let g be w(-2). Let m = g + 23. List the prime factors of m.
2
Let a(h) = 37*h**2 + h. Let t be a(1). Let q = t - 27. Suppose f + f - 32 = 3*u, -f + 4*u = -q. What are the prime factors of f?
19
List the prime factors of 27/(-4)*320/(-12).
2, 3, 5
Let f(p) = p + 10. Let i be f(-8). Let u be (2/(-4))/(i/(-12)). List the prime factors of (-8)/((u - 2) + -3).
2
What are the prime factors of 4/10 - (-1365)/25?
5, 11
Let i(k) = 2*k + 7. Let c be i(-5). What are the prime factors of 6*((-20)/(-8) - c)?
3, 11
Let v = -4 + -3. Let x = -6 - v. What are the prime factors of (-5)/((-15)/9) + x?
2
Let l = 1 - 3. Let y = 0 - l. Suppose y*s - 14 = -0*s. What are the prime factors of s?
7
Let c(w) = 4 - 2 - 4*w + 1 - w**2. What are the prime factors of c(-4)?
3
Let y(r) = r**2 + 5*r + 2. Let l be y(-5). Suppose 4*a + l*c = -0*a + 16, 0 = 5*a + 5*c - 30. Suppose 4*t = a*t + 22. What are the prime factors of t?
11
What are the prime factors of -3 - -1*(0 + 22)?
19
Let w = 253 + -141. List the prime factors of w.
2, 7
What are the prime factors of (-7)/(-14)*(11 + -1)?
5
Let n(q) = q - 9. Let p be n(0). Let c be -12*(-1 + 15/p). Suppose -c = -4*i + 4*d + d, d + 4 = 0. What are the prime factors of i?
3
Suppose -2*l + 7 = -3. Suppose g - l*g = -12. Suppose -19 = -3*h - q, 0 = -3*h - g*q + 10 - 1. List the prime factors of h.
2
Let n = -17 - -138. List the prime factors of n.
11
Let t(u) = u**2 + 8*u + 8. List the prime factors of t(-10).
2, 7
Let g(z) = -z**3 + 6*z**2 + 4*z - 8. Let i be g(6). Let a = i - 1. Suppose 4*d = -d + a. What are the prime factors of d?
3
Let f(v) = -v**2 + 6*v + 7. Let y be f(7). Suppose y = -b - 2*b + 12, -5*g = 3*b - 127. What are the prime factors of g?
23
Let x(s) = -s**3 - 13*s**2 - 1. Let l be x(-10). What are the prime factors of l/(-35) + (-2)/(-5)?
3
Let t = -5 + 2. What are the prime factors of 4 + (-1 + 1 - t)?
7
Let p(r) = 23*r - 10. List the prime factors of p(5).
3, 5, 7
Let q(z) = 2*z**2. Let a be q(2). Let v = a - 3. Suppose v*w + 15 = 65. List the prime factors of w.
2, 5
Suppose 8 = 6*o - 2*o. Suppose -o*v + 23 = -15. List the prime factors of v.
19
Let q = 1 - -7. Suppose -4*f = -q*f + 152. What are the prime factors of f?
2, 19
Suppose q + 11*q = 1464. List the prime factors of q.
2, 61
Let d be (12/(-15))/(1/(-10)). Suppose -p - d = p. Let y = -2 - p. What are the prime factors of y?
2
Suppose 2*z + 4*j = 0, -3*z + 0*z = -4*j - 30. Let d(y) = y**2 - 5*y - 3. What are the prime factors of d(z)?
3
Let m(w) = -2*w**2 + w - 2. Let n be m(-2). Let s = 0 - n. Let k = s - -3. List the prime factors of k.
3, 5
Let i(x) = 43*x. Let r be i(-1). Let y = r - -64. Let f = -8 + y. List the prime factors of f.
13
Let f(v) = 9*v**2 - 4*v - 4. List the prime factors of f(-3).
89
Let f = 5 - -18. What are the prime factors of f?
23
Suppose -9 = -t - 2*u + u, 0 = -4*t + 2*u + 12. Suppose -36 - t = 4*s + 3*f, 5*s + 4*f = -52. Let q = s + 20. What are the prime factors of q?
2, 3
Let k(b) = -87*b + 16. List the prime factors of k(-3).
277
Let c(l) = l + 214. What are the prime factors of c(0)?
2, 107
Let p be (2 - 26/(-8))*4. What are the prime factors of (-280)/p*(-6)/5?
2
Let r be 3*(26/(-6) + 1). Let q = -4 - r. List the prime factors of q.
2, 3
Suppose -5*u + 141 + 224 = 0. List the prime factors of u.
73
Suppose -5*n = -4*q, 53 = 3*q + 5*n + 18. Suppose r - q - 1 = 0. Suppose -l - l = -r. List the prime factors of l.
3
Suppose -2*r - 5*h + 0*h = 78, 2*r + 3*h = -74. Let s = r - -24. What are the prime factors of 32/20*s/(-4)?
2
Let z = -10 - -22. List the prime factors of (6/(-4))/((-1)/z).
2, 3
Let f(r) = -r**2 + 6*r + 6. Let v be f(5). Suppose 4*i + 18 = n, -4*n - v = 3*i + 12. List the prime factors of 5/n*(-24)/15.
2
Let g(b) = 2*b - 5. Suppose -t + 1 + 4 = -l, 5*t = -5*l + 35. What are the prime factors of g(t)?
7
Let k(b) = -b. Let z be k(1). What are the prime factors of 36 - (-2 - (1 - z))?
2, 5
Suppose 4*g - 10 = 2*q, -q + 0*q + 4*g - 7 = 0. Let k = q + 12. List the prime factors of k.
3
Suppose 2*f - 2*x - x - 148 = 0, -3*x = 2*f - 172. What are the prime factors of f?
2, 5
Suppose -2*l + 3*c - 13 = 0, -l + 6*c = 2*c + 4. Let z = -4 - l. Suppose 5*g = z*n + 71, -4*g - 5*n - 9 = -3*g. List the prime factors of g.
11
Let u = 8 - 9. Let t = u + 6. Suppose 2*m = 3 + t. What are the prime factors of m?
2
Let b = 53 - 25. List the prime factors of b.
2, 7
Let s = 34 - 1. Suppose -4*u = -15 - s. List the prime factors of u.
2, 3
Let g = -2 + -4. Let x be (g/4)/((-6)/12). Suppose -5*l + x = -17. List the prime factors of l.
2
Suppose 0 = h - 4*h + 84. Suppose h - 3 = 5*c. Suppose 0 = -c*q - 9 + 44. What are the prime factors of q?
7
Suppose -3*p = 5*r - 25, -r + 4 = -5*r. Let z(c) = 2*c + 7. What are the prime factors of z(p)?
3
Suppose 19*q = 28*q - 1161. What are the prime factors of q?
3, 43
Let y be 8/4 - (-14)/1. Suppose -2*h = -h - y. List the prime factors of h.
2
Let h(x) = -x**3 - 6*x**2 + 8*x + 3. Let s be h(-7). Let g = s + 12. List the prime factors of g.
2
Let s be (-2)/((24/9)/(-4)). Suppose 0 = -s*g - 4 + 1. List the prime factors of (10/1)/(0 - g).
2, 5
Let t = 317 + -164. What are the prime factors of t?
3, 17
Let b = -9 - -13. Suppose 3*f - 56 = 2*s - 11, -49 = -b*f - s. List the prime factors of f.
13
Suppose -15*h = -11*h - 160. List the prime factors of h.
2, 5
Let v = -20 + 14. What are the prime factors of (-245)/(-15) - v/9?
17
Let h = 122 - 48. List the prime factors of h.
2, 37
Let m = -49 - -87. List the prime factors of m.
2, 19
Let l be (-2)/12*2*-3. Let v be (4 + l)*(1 - -1). Suppose d - v = 1. What are the prime factors of d?
11
Suppose -2*f + 98 + 92 = 0. What are the prime factors of f?
5, 19
Let c be (-9)/2*(-4)/6. Suppose -3*l = 3*k + 48, c*l = -l - 5*k - 69. Let j = -7 - l. List the prime factors of j.
2
Let q(g) = g**3 + 10*g**2 - 13*g + 5. Let d be q(-11). Suppose 0 + 5 = -v, -d = -o + 4*v. What are the prime factors of o/((-21)/(-30)) + 0?
